{"id":460,"date":"2020-07-11T16:00:26","date_gmt":"2020-07-11T14:00:26","guid":{"rendered":"http:\/\/brigittelumpi.de\/?page_id=460"},"modified":"2020-07-11T16:01:41","modified_gmt":"2020-07-11T14:01:41","slug":"presse-2","status":"publish","type":"page","link":"https:\/\/brigittelumpi.com\/index.php\/presse-2\/","title":{"rendered":"Presse"},"content":{"rendered":"\t\t<div data-elementor-type=\"wp-page\" data-elementor-id=\"460\" class=\"elementor elementor-460\">\n\t\t\t\t\t\t<section class=\"elementor-section elementor-top-section elementor-element elementor-element-85d0755 elementor-section-boxed elementor-section-height-default elementor-section-height-default\" data-id=\"85d0755\" data-element_type=\"section\" data-e-type=\"section\">\n\t\t\t\t\t\t<div class=\"elementor-container elementor-column-gap-default\">\n\t\t\t\t\t<div class=\"elementor-column elementor-col-100 elementor-top-column elementor-element elementor-element-5efdc5b\" data-id=\"5efdc5b\" data-element_type=\"column\" data-e-type=\"column\">\n\t\t\t<div class=\"elementor-widget-wrap elementor-element-populated\">\n\t\t\t\t\t\t<div class=\"elementor-element elementor-element-da2f269 elementor-widget elementor-widget-image\" data-id=\"da2f269\" data-element_type=\"widget\" data-e-type=\"widget\" data-widget_type=\"image.default\">\n\t\t\t\t<div class=\"elementor-widget-container\">\n\t\t\t\t\t\t\t\t\t\t\t\t\t\t\t\t<a href=\"http:\/\/brigittelumpi.de\/wp-content\/uploads\/2018\/10\/Brigitte_Lumpi_Salz_Original.jpg\" data-elementor-open-lightbox=\"no\">\n\t\t\t\t\t\t\t<img fetchpriority=\"high\" decoding=\"async\" width=\"780\" height=\"593\" src=\"https:\/\/brigittelumpi.com\/wp-content\/uploads\/2018\/10\/Brigitte_Lumpi_Salz_Original-1024x778.jpg\" class=\"attachment-large size-large wp-image-446\" alt=\"\" srcset=\"https:\/\/brigittelumpi.com\/wp-content\/uploads\/2018\/10\/Brigitte_Lumpi_Salz_Original-1024x778.jpg 1024w, https:\/\/brigittelumpi.com\/wp-content\/uploads\/2018\/10\/Brigitte_Lumpi_Salz_Original-300x228.jpg 300w, https:\/\/brigittelumpi.com\/wp-content\/uploads\/2018\/10\/Brigitte_Lumpi_Salz_Original-768x584.jpg 768w, https:\/\/brigittelumpi.com\/wp-content\/uploads\/2018\/10\/Brigitte_Lumpi_Salz_Original.jpg 1316w\" sizes=\"(max-width: 780px) 100vw, 780px\" \/>\t\t\t\t\t\t\t\t<\/a>\n\t\t\t\t\t\t\t\t\t\t\t\t\t\t\t<\/div>\n\t\t\t\t<\/div>\n\t\t\t\t\t<\/div>\n\t\t<\/div>\n\t\t\t\t\t<\/div>\n\t\t<\/section>\n\t\t\t\t<section class=\"elementor-section elementor-top-section elementor-element elementor-element-42c50eb elementor-section-boxed elementor-section-height-default elementor-section-height-default\" data-id=\"42c50eb\" data-element_type=\"section\" data-e-type=\"section\">\n\t\t\t\t\t\t<div class=\"elementor-container elementor-column-gap-default\">\n\t\t\t\t\t<div class=\"elementor-column elementor-col-100 elementor-top-column elementor-element elementor-element-2e3b1f2\" data-id=\"2e3b1f2\" data-element_type=\"column\" data-e-type=\"column\">\n\t\t\t<div class=\"elementor-widget-wrap elementor-element-populated\">\n\t\t\t\t\t\t<div class=\"elementor-element elementor-element-e2eb49f elementor-widget elementor-widget-text-editor\" data-id=\"e2eb49f\" data-element_type=\"widget\" data-e-type=\"widget\" data-widget_type=\"text-editor.default\">\n\t\t\t\t<div class=\"elementor-widget-container\">\n\t\t\t\t\t\t\t\t\t<p>Das Literaturforum LESELAMPE blickt auf f\u00fcnf Jahrzehnte Literaturvermittlung in Salzburg zur\u00fcck. F\u00fcr die Jubil\u00e4umsausgabe der Literaturzeitung SALZ wurde f\u00fcr die Covergestaltung das Bild &#8222;passengers&#8220; ausgew\u00e4hlt. Im Heftinneren befinden sich weitere vier Werke von mir.\u00a0 Werfen sie einen Blick in das neue Heft, das unter dem Titel &#8222;lass rauschen. (\u00dcber) Songs schreiben&#8220; ab 19. Oktober 2018 erh\u00e4ltlich ist.<\/p>\t\t\t\t\t\t\t\t<\/div>\n\t\t\t\t<\/div>\n\t\t\t\t\t<\/div>\n\t\t<\/div>\n\t\t\t\t\t<\/div>\n\t\t<\/section>\n\t\t\t\t<\/div>\n\t\t","protected":false},"excerpt":{"rendered":"<p>Das Literaturforum LESELAMPE blickt auf f\u00fcnf Jahrzehnte Literaturvermittlung in Salzburg zur\u00fcck. F\u00fcr die Jubil\u00e4umsausgabe der Literaturzeitung SALZ wurde f\u00fcr die [&hellip;]<\/p>\n","protected":false},"author":2,"featured_media":0,"parent":0,"menu_order":0,"comment_status":"closed","ping_status":"closed","template":"","meta":{"footnotes":""},"class_list":["post-460","page","type-page","status-publish","hentry"],"yoast_head":"<!-- This site is optimized with the Yoast SEO plugin v27.4 - https:\/\/yoast.com\/product\/yoast-seo-wordpress\/ -->\n<title>Presse - BRIGITTE LUMPI<\/title>\n<meta name=\"robots\" content=\"index, follow, max-snippet:-1, max-image-preview:large, max-video-preview:-1\" \/>\n<link rel=\"canonical\" href=\"https:\/\/brigittelumpi.com\/index.php\/presse-2\/\" \/>\n<meta property=\"og:locale\" content=\"de_DE\" \/>\n<meta property=\"og:type\" content=\"article\" \/>\n<meta property=\"og:title\" content=\"Presse - BRIGITTE LUMPI\" \/>\n<meta property=\"og:description\" content=\"Das Literaturforum LESELAMPE blickt auf f\u00fcnf Jahrzehnte Literaturvermittlung in Salzburg zur\u00fcck. F\u00fcr die Jubil\u00e4umsausgabe der Literaturzeitung SALZ wurde f\u00fcr die [&hellip;]\" \/>\n<meta property=\"og:url\" content=\"https:\/\/brigittelumpi.com\/index.php\/presse-2\/\" \/>\n<meta property=\"og:site_name\" content=\"BRIGITTE LUMPI\" \/>\n<meta property=\"article:modified_time\" content=\"2020-07-11T14:01:41+00:00\" \/>\n<meta property=\"og:image\" content=\"http:\/\/brigittelumpi.de\/wp-content\/uploads\/2018\/10\/Brigitte_Lumpi_Salz_Original-1024x778.jpg\" \/>\n<script type=\"application\/ld+json\" class=\"yoast-schema-graph\">{\"@context\":\"https:\\\/\\\/schema.org\",\"@graph\":[{\"@type\":\"WebPage\",\"@id\":\"https:\\\/\\\/brigittelumpi.com\\\/index.php\\\/presse-2\\\/\",\"url\":\"https:\\\/\\\/brigittelumpi.com\\\/index.php\\\/presse-2\\\/\",\"name\":\"Presse - BRIGITTE LUMPI\",\"isPartOf\":{\"@id\":\"https:\\\/\\\/brigittelumpi.com\\\/#website\"},\"primaryImageOfPage\":{\"@id\":\"https:\\\/\\\/brigittelumpi.com\\\/index.php\\\/presse-2\\\/#primaryimage\"},\"image\":{\"@id\":\"https:\\\/\\\/brigittelumpi.com\\\/index.php\\\/presse-2\\\/#primaryimage\"},\"thumbnailUrl\":\"http:\\\/\\\/brigittelumpi.de\\\/wp-content\\\/uploads\\\/2018\\\/10\\\/Brigitte_Lumpi_Salz_Original-1024x778.jpg\",\"datePublished\":\"2020-07-11T14:00:26+00:00\",\"dateModified\":\"2020-07-11T14:01:41+00:00\",\"breadcrumb\":{\"@id\":\"https:\\\/\\\/brigittelumpi.com\\\/index.php\\\/presse-2\\\/#breadcrumb\"},\"inLanguage\":\"de\",\"potentialAction\":[{\"@type\":\"ReadAction\",\"target\":[\"https:\\\/\\\/brigittelumpi.com\\\/index.php\\\/presse-2\\\/\"]}]},{\"@type\":\"ImageObject\",\"inLanguage\":\"de\",\"@id\":\"https:\\\/\\\/brigittelumpi.com\\\/index.php\\\/presse-2\\\/#primaryimage\",\"url\":\"http:\\\/\\\/brigittelumpi.de\\\/wp-content\\\/uploads\\\/2018\\\/10\\\/Brigitte_Lumpi_Salz_Original-1024x778.jpg\",\"contentUrl\":\"http:\\\/\\\/brigittelumpi.de\\\/wp-content\\\/uploads\\\/2018\\\/10\\\/Brigitte_Lumpi_Salz_Original-1024x778.jpg\"},{\"@type\":\"BreadcrumbList\",\"@id\":\"https:\\\/\\\/brigittelumpi.com\\\/index.php\\\/presse-2\\\/#breadcrumb\",\"itemListElement\":[{\"@type\":\"ListItem\",\"position\":1,\"name\":\"Home\",\"item\":\"https:\\\/\\\/brigittelumpi.com\\\/\"},{\"@type\":\"ListItem\",\"position\":2,\"name\":\"Presse\"}]},{\"@type\":\"WebSite\",\"@id\":\"https:\\\/\\\/brigittelumpi.com\\\/#website\",\"url\":\"https:\\\/\\\/brigittelumpi.com\\\/\",\"name\":\"BRIGITTE LUMPI\",\"description\":\"Acryl auf Leinwand \",\"potentialAction\":[{\"@type\":\"SearchAction\",\"target\":{\"@type\":\"EntryPoint\",\"urlTemplate\":\"https:\\\/\\\/brigittelumpi.com\\\/?s={search_term_string}\"},\"query-input\":{\"@type\":\"PropertyValueSpecification\",\"valueRequired\":true,\"valueName\":\"search_term_string\"}}],\"inLanguage\":\"de\"}]}<\/script>\n<!-- \/ Yoast SEO plugin. -->","yoast_head_json":{"title":"Presse - BRIGITTE LUMPI","robots":{"index":"index","follow":"follow","max-snippet":"max-snippet:-1","max-image-preview":"max-image-preview:large","max-video-preview":"max-video-preview:-1"},"canonical":"https:\/\/brigittelumpi.com\/index.php\/presse-2\/","og_locale":"de_DE","og_type":"article","og_title":"Presse - BRIGITTE LUMPI","og_description":"Das Literaturforum LESELAMPE blickt auf f\u00fcnf Jahrzehnte Literaturvermittlung in Salzburg zur\u00fcck. F\u00fcr die Jubil\u00e4umsausgabe der Literaturzeitung SALZ wurde f\u00fcr die [&hellip;]","og_url":"https:\/\/brigittelumpi.com\/index.php\/presse-2\/","og_site_name":"BRIGITTE LUMPI","article_modified_time":"2020-07-11T14:01:41+00:00","og_image":[{"url":"http:\/\/brigittelumpi.de\/wp-content\/uploads\/2018\/10\/Brigitte_Lumpi_Salz_Original-1024x778.jpg","type":"","width":"","height":""}],"schema":{"@context":"https:\/\/schema.org","@graph":[{"@type":"WebPage","@id":"https:\/\/brigittelumpi.com\/index.php\/presse-2\/","url":"https:\/\/brigittelumpi.com\/index.php\/presse-2\/","name":"Presse - BRIGITTE LUMPI","isPartOf":{"@id":"https:\/\/brigittelumpi.com\/#website"},"primaryImageOfPage":{"@id":"https:\/\/brigittelumpi.com\/index.php\/presse-2\/#primaryimage"},"image":{"@id":"https:\/\/brigittelumpi.com\/index.php\/presse-2\/#primaryimage"},"thumbnailUrl":"http:\/\/brigittelumpi.de\/wp-content\/uploads\/2018\/10\/Brigitte_Lumpi_Salz_Original-1024x778.jpg","datePublished":"2020-07-11T14:00:26+00:00","dateModified":"2020-07-11T14:01:41+00:00","breadcrumb":{"@id":"https:\/\/brigittelumpi.com\/index.php\/presse-2\/#breadcrumb"},"inLanguage":"de","potentialAction":[{"@type":"ReadAction","target":["https:\/\/brigittelumpi.com\/index.php\/presse-2\/"]}]},{"@type":"ImageObject","inLanguage":"de","@id":"https:\/\/brigittelumpi.com\/index.php\/presse-2\/#primaryimage","url":"http:\/\/brigittelumpi.de\/wp-content\/uploads\/2018\/10\/Brigitte_Lumpi_Salz_Original-1024x778.jpg","contentUrl":"http:\/\/brigittelumpi.de\/wp-content\/uploads\/2018\/10\/Brigitte_Lumpi_Salz_Original-1024x778.jpg"},{"@type":"BreadcrumbList","@id":"https:\/\/brigittelumpi.com\/index.php\/presse-2\/#breadcrumb","itemListElement":[{"@type":"ListItem","position":1,"name":"Home","item":"https:\/\/brigittelumpi.com\/"},{"@type":"ListItem","position":2,"name":"Presse"}]},{"@type":"WebSite","@id":"https:\/\/brigittelumpi.com\/#website","url":"https:\/\/brigittelumpi.com\/","name":"BRIGITTE LUMPI","description":"Acryl auf Leinwand ","potentialAction":[{"@type":"SearchAction","target":{"@type":"EntryPoint","urlTemplate":"https:\/\/brigittelumpi.com\/?s={search_term_string}"},"query-input":{"@type":"PropertyValueSpecification","valueRequired":true,"valueName":"search_term_string"}}],"inLanguage":"de"}]}},"_links":{"self":[{"href":"https:\/\/brigittelumpi.com\/index.php\/wp-json\/wp\/v2\/pages\/460","targetHints":{"allow":["GET"]}}],"collection":[{"href":"https:\/\/brigittelumpi.com\/index.php\/wp-json\/wp\/v2\/pages"}],"about":[{"href":"https:\/\/brigittelumpi.com\/index.php\/wp-json\/wp\/v2\/types\/page"}],"author":[{"embeddable":true,"href":"https:\/\/brigittelumpi.com\/index.php\/wp-json\/wp\/v2\/users\/2"}],"replies":[{"embeddable":true,"href":"https:\/\/brigittelumpi.com\/index.php\/wp-json\/wp\/v2\/comments?post=460"}],"version-history":[{"count":2,"href":"https:\/\/brigittelumpi.com\/index.php\/wp-json\/wp\/v2\/pages\/460\/revisions"}],"predecessor-version":[{"id":462,"href":"https:\/\/brigittelumpi.com\/index.php\/wp-json\/wp\/v2\/pages\/460\/revisions\/462"}],"wp:attachment":[{"href":"https:\/\/brigittelumpi.com\/index.php\/wp-json\/wp\/v2\/media?parent=460"}],"curies":[{"name":"wp","href":"https:\/\/api.w.org\/{rel}","templated":true}]}}

<div data-elementor-type="wp-page" data-elementor-id="460" class="elementor elementor-460">
						<section class="elementor-section elementor-top-section elementor-element elementor-element-85d0755 elementor-section-boxed elementor-section-height-default elementor-section-height-default" data-id="85d0755" data-element_type="section" data-e-type="section">
						<div class="elementor-container elementor-column-gap-default">
					<div class="elementor-column elementor-col-100 elementor-top-column elementor-element elementor-element-5efdc5b" data-id="5efdc5b" data-element_type="column" data-e-type="column">
			<div class="elementor-widget-wrap elementor-element-populated">
						<div class="elementor-element elementor-element-da2f269 elementor-widget elementor-widget-image" data-id="da2f269" data-element_type="widget" data-e-type="widget" data-widget_type="image.default">
				<div class="elementor-widget-container">
																<a href="http://brigittelumpi.de/wp-content/uploads/2018/10/Brigitte_Lumpi_Salz_Original.jpg" data-elementor-open-lightbox="no">
							<img fetchpriority="high" decoding="async" width="780" height="593" src="https://brigittelumpi.com/wp-content/uploads/2018/10/Brigitte_Lumpi_Salz_Original-1024x778.jpg" class="attachment-large size-large wp-image-446" alt="" srcset="https://brigittelumpi.com/wp-content/uploads/2018/10/Brigitte_Lumpi_Salz_Original-1024x778.jpg 1024w, https://brigittelumpi.com/wp-content/uploads/2018/10/Brigitte_Lumpi_Salz_Original-300x228.jpg 300w, https://brigittelumpi.com/wp-content/uploads/2018/10/Brigitte_Lumpi_Salz_Original-768x584.jpg 768w, https://brigittelumpi.com/wp-content/uploads/2018/10/Brigitte_Lumpi_Salz_Original.jpg 1316w" sizes="(max-width: 780px) 100vw, 780px" />								</a>
															</div>
				</div>
					</div>
		</div>
					</div>
		</section>
				<section class="elementor-section elementor-top-section elementor-element elementor-element-42c50eb elementor-section-boxed elementor-section-height-default elementor-section-height-default" data-id="42c50eb" data-element_type="section" data-e-type="section">
						<div class="elementor-container elementor-column-gap-default">
					<div class="elementor-column elementor-col-100 elementor-top-column elementor-element elementor-element-2e3b1f2" data-id="2e3b1f2" data-element_type="column" data-e-type="column">
			<div class="elementor-widget-wrap elementor-element-populated">
						<div class="elementor-element elementor-element-e2eb49f elementor-widget elementor-widget-text-editor" data-id="e2eb49f" data-element_type="widget" data-e-type="widget" data-widget_type="text-editor.default">
				<div class="elementor-widget-container">
									<p>Das Literaturforum LESELAMPE blickt auf fünf Jahrzehnte Literaturvermittlung in Salzburg zurück. Für die Jubiläumsausgabe der Literaturzeitung SALZ wurde für die Covergestaltung das Bild &#8222;passengers&#8220; ausgewählt. Im Heftinneren befinden sich weitere vier Werke von mir.  Werfen sie einen Blick in das neue Heft, das unter dem Titel &#8222;lass rauschen. (Über) Songs schreiben&#8220; ab 19. Oktober 2018 erhältlich ist.</p>								</div>
				</div>
					</div>
		</div>
					</div>
		</section>
				</div>

<p>Das Literaturforum LESELAMPE blickt auf fünf Jahrzehnte Literaturvermittlung in Salzburg zurück. Für die Jubiläumsausgabe der Literaturzeitung SALZ wurde für die [&hellip;]</p>

<!-- This site is optimized with the Yoast SEO plugin v27.4 - https://yoast.com/product/yoast-seo-wordpress/ -->
<title>Presse - BRIGITTE LUMPI</title>
<meta name="robots" content="index, follow, max-snippet:-1, max-image-preview:large, max-video-preview:-1" />
<link rel="canonical" href="https://brigittelumpi.com/index.php/presse-2/" />
<meta property="og:locale" content="de_DE" />
<meta property="og:type" content="article" />
<meta property="og:title" content="Presse - BRIGITTE LUMPI" />
<meta property="og:description" content="Das Literaturforum LESELAMPE blickt auf fünf Jahrzehnte Literaturvermittlung in Salzburg zurück. Für die Jubiläumsausgabe der Literaturzeitung SALZ wurde für die [&hellip;]" />
<meta property="og:url" content="https://brigittelumpi.com/index.php/presse-2/" />
<meta property="og:site_name" content="BRIGITTE LUMPI" />
<meta property="article:modified_time" content="2020-07-11T14:01:41+00:00" />
<meta property="og:image" content="http://brigittelumpi.de/wp-content/uploads/2018/10/Brigitte_Lumpi_Salz_Original-1024x778.jpg" />
<script type="application/ld+json" class="yoast-schema-graph">{"@context":"https:\/\/schema.org","@graph":[{"@type":"WebPage","@id":"https:\/\/brigittelumpi.com\/index.php\/presse-2\/","url":"https:\/\/brigittelumpi.com\/index.php\/presse-2\/","name":"Presse - BRIGITTE LUMPI","isPartOf":{"@id":"https:\/\/brigittelumpi.com\/#website"},"primaryImageOfPage":{"@id":"https:\/\/brigittelumpi.com\/index.php\/presse-2\/#primaryimage"},"image":{"@id":"https:\/\/brigittelumpi.com\/index.php\/presse-2\/#primaryimage"},"thumbnailUrl":"http:\/\/brigittelumpi.de\/wp-content\/uploads\/2018\/10\/Brigitte_Lumpi_Salz_Original-1024x778.jpg","datePublished":"2020-07-11T14:00:26+00:00","dateModified":"2020-07-11T14:01:41+00:00","breadcrumb":{"@id":"https:\/\/brigittelumpi.com\/index.php\/presse-2\/#breadcrumb"},"inLanguage":"de","potentialAction":[{"@type":"ReadAction","target":["https:\/\/brigittelumpi.com\/index.php\/presse-2\/"]}]},{"@type":"ImageObject","inLanguage":"de","@id":"https:\/\/brigittelumpi.com\/index.php\/presse-2\/#primaryimage","url":"http:\/\/brigittelumpi.de\/wp-content\/uploads\/2018\/10\/Brigitte_Lumpi_Salz_Original-1024x778.jpg","contentUrl":"http:\/\/brigittelumpi.de\/wp-content\/uploads\/2018\/10\/Brigitte_Lumpi_Salz_Original-1024x778.jpg"},{"@type":"BreadcrumbList","@id":"https:\/\/brigittelumpi.com\/index.php\/presse-2\/#breadcrumb","itemListElement":[{"@type":"ListItem","position":1,"name":"Home","item":"https:\/\/brigittelumpi.com\/"},{"@type":"ListItem","position":2,"name":"Presse"}]},{"@type":"WebSite","@id":"https:\/\/brigittelumpi.com\/#website","url":"https:\/\/brigittelumpi.com\/","name":"BRIGITTE LUMPI","description":"Acryl auf Leinwand ","potentialAction":[{"@type":"SearchAction","target":{"@type":"EntryPoint","urlTemplate":"https:\/\/brigittelumpi.com\/?s={search_term_string}"},"query-input":{"@type":"PropertyValueSpecification","valueRequired":true,"valueName":"search_term_string"}}],"inLanguage":"de"}]}</script>
<!-- / Yoast SEO plugin. -->

Das Literaturforum LESELAMPE blickt auf fünf Jahrzehnte Literaturvermittlung in Salzburg zurück. Für die Jubiläumsausgabe der Literaturzeitung SALZ wurde für die [&hellip;]
