{"id":7,"date":"2012-12-26T16:50:23","date_gmt":"2012-12-26T14:50:23","guid":{"rendered":"http:\/\/www.label-factory.com\/brigitte\/?page_id=7"},"modified":"2024-11-06T20:37:39","modified_gmt":"2024-11-06T18:37:39","slug":"vita","status":"publish","type":"page","link":"https:\/\/brigittelumpi.com\/index.php\/vita\/","title":{"rendered":"Vita"},"content":{"rendered":"\t\t<div data-elementor-type=\"wp-post\" data-elementor-id=\"7\" class=\"elementor elementor-7\">\n\t\t\t\t\t\t<section class=\"elementor-section elementor-top-section elementor-element elementor-element-3ed553e elementor-section-boxed elementor-section-height-default elementor-section-height-default\" data-id=\"3ed553e\" data-element_type=\"section\" data-e-type=\"section\">\n\t\t\t\t\t\t<div class=\"elementor-container elementor-column-gap-default\">\n\t\t\t\t\t<div class=\"elementor-column elementor-col-100 elementor-top-column elementor-element elementor-element-16c866d\" data-id=\"16c866d\" data-element_type=\"column\" data-e-type=\"column\">\n\t\t\t<div class=\"elementor-widget-wrap elementor-element-populated\">\n\t\t\t\t\t\t<div class=\"elementor-element elementor-element-4bdf706 elementor-widget elementor-widget-image\" data-id=\"4bdf706\" data-element_type=\"widget\" data-e-type=\"widget\" data-widget_type=\"image.default\">\n\t\t\t\t<div class=\"elementor-widget-container\">\n\t\t\t\t\t\t\t\t\t\t\t\t\t\t\t<img fetchpriority=\"high\" decoding=\"async\" width=\"780\" height=\"354\" src=\"https:\/\/brigittelumpi.com\/wp-content\/uploads\/2012\/12\/brigittelumpi.png\" class=\"attachment-large size-large wp-image-102\" alt=\"\" srcset=\"https:\/\/brigittelumpi.com\/wp-content\/uploads\/2012\/12\/brigittelumpi.png 944w, https:\/\/brigittelumpi.com\/wp-content\/uploads\/2012\/12\/brigittelumpi-300x136.png 300w\" sizes=\"(max-width: 780px) 100vw, 780px\" \/>\t\t\t\t\t\t\t\t\t\t\t\t\t\t\t<\/div>\n\t\t\t\t<\/div>\n\t\t\t\t\t<\/div>\n\t\t<\/div>\n\t\t\t\t\t<\/div>\n\t\t<\/section>\n\t\t\t\t<section class=\"elementor-section elementor-top-section elementor-element elementor-element-c8ba6ca elementor-section-boxed elementor-section-height-default elementor-section-height-default\" data-id=\"c8ba6ca\" data-element_type=\"section\" data-e-type=\"section\">\n\t\t\t\t\t\t<div class=\"elementor-container elementor-column-gap-default\">\n\t\t\t\t\t<div class=\"elementor-column elementor-col-100 elementor-top-column elementor-element elementor-element-c0a3fad\" data-id=\"c0a3fad\" data-element_type=\"column\" data-e-type=\"column\">\n\t\t\t<div class=\"elementor-widget-wrap elementor-element-populated\">\n\t\t\t\t\t\t<div class=\"elementor-element elementor-element-20b9ea0 elementor-widget elementor-widget-text-editor\" data-id=\"20b9ea0\" data-element_type=\"widget\" data-e-type=\"widget\" data-widget_type=\"text-editor.default\">\n\t\t\t\t<div class=\"elementor-widget-container\">\n\t\t\t\t\t\t\t\t\t<p>* 1961 in Salzburg<\/p><p>seit 1985 Lehrauftrag als Diplomsonderp\u00e4dagogin an der ABK-Schule in Salzburg<br \/>2002 &#8211; 2006 Aus- und Weiterbildung an der Kunstakademie in Bad Reichenhall,<br \/>sowie zahlreiche bildnerische Kurse bei Stephan Geisler, Bochum und Peter Baldinger, Salzburg.<\/p><ul><li>Regelm\u00e4\u00dfige Ausstellungst\u00e4tigkeit seit 2002 im In- und Ausland<\/li><li>2008 \u201eKunst aus dem Berchtesgadenerland\u201c M\u00fcnchen\/Berchtesgaden<\/li><li>2008 Teilnehmerin am EuRegio Kunstwettbewerb Salzburg\/Traunreut\/Freilassing<\/li><li>2010 Einladung zum Symposium \u201edrinnen drau\u00dfen\u201c in der JVA Garsten\/ Steyr, O\u00d6.<\/li><li>2010 Preistr\u00e4gerin des Kunstwettbewerbs \u201eOktoberfest\u201c der Mohr-Villa Freimann, M\u00fcnchen<\/li><li>2010 \u201edrinnen-drau\u00dfen\u201c Justizanstalt Steyr, Garsten O\u00d6.<\/li><li>2012 \u201emoments\u201c Universit\u00e4tsbibliothek, Salzburg<\/li><li>2017 &#8222;Zuf\u00e4llige Begegnungen&#8220;, GWS Salzburg<\/li><li>2017 &#8222;Dr. Anton Gugg Ged\u00e4chtnisausstellung&#8220;, Stadtgalerie Lehen, Salzburg<\/li><\/ul>\t\t\t\t\t\t\t\t<\/div>\n\t\t\t\t<\/div>\n\t\t\t\t\t<\/div>\n\t\t<\/div>\n\t\t\t\t\t<\/div>\n\t\t<\/section>\n\t\t\t\t<\/div>\n\t\t","protected":false},"excerpt":{"rendered":"<p>* 1961 in Salzburg seit 1985 Lehrauftrag als Diplomsonderp\u00e4dagogin an der ABK-Schule in Salzburg2002 &#8211; 2006 Aus- und Weiterbildung an [&hellip;]<\/p>\n","protected":false},"author":2,"featured_media":0,"parent":0,"menu_order":0,"comment_status":"closed","ping_status":"closed","template":"","meta":{"footnotes":""},"class_list":["post-7","page","type-page","status-publish","hentry"],"yoast_head":"<!-- This site is optimized with the Yoast SEO plugin v27.4 - https:\/\/yoast.com\/product\/yoast-seo-wordpress\/ -->\n<title>Vita - BRIGITTE LUMPI<\/title>\n<meta name=\"robots\" content=\"index, follow, max-snippet:-1, max-image-preview:large, max-video-preview:-1\" \/>\n<link rel=\"canonical\" href=\"https:\/\/brigittelumpi.com\/index.php\/vita\/\" \/>\n<meta property=\"og:locale\" content=\"de_DE\" \/>\n<meta property=\"og:type\" content=\"article\" \/>\n<meta property=\"og:title\" content=\"Vita - BRIGITTE LUMPI\" \/>\n<meta property=\"og:description\" content=\"* 1961 in Salzburg seit 1985 Lehrauftrag als Diplomsonderp\u00e4dagogin an der ABK-Schule in Salzburg2002 &#8211; 2006 Aus- und Weiterbildung an [&hellip;]\" \/>\n<meta property=\"og:url\" content=\"https:\/\/brigittelumpi.com\/index.php\/vita\/\" \/>\n<meta property=\"og:site_name\" content=\"BRIGITTE LUMPI\" \/>\n<meta property=\"article:modified_time\" content=\"2024-11-06T18:37:39+00:00\" \/>\n<meta property=\"og:image\" content=\"https:\/\/brigittelumpi.com\/wp-content\/uploads\/2012\/12\/brigittelumpi.png\" \/>\n\t<meta property=\"og:image:width\" content=\"944\" \/>\n\t<meta property=\"og:image:height\" content=\"428\" \/>\n\t<meta property=\"og:image:type\" content=\"image\/png\" \/>\n<meta name=\"twitter:label1\" content=\"Gesch\u00e4tzte Lesezeit\" \/>\n\t<meta name=\"twitter:data1\" content=\"1\u00a0Minute\" \/>\n<script type=\"application\/ld+json\" class=\"yoast-schema-graph\">{\"@context\":\"https:\\\/\\\/schema.org\",\"@graph\":[{\"@type\":\"WebPage\",\"@id\":\"https:\\\/\\\/brigittelumpi.com\\\/index.php\\\/vita\\\/\",\"url\":\"https:\\\/\\\/brigittelumpi.com\\\/index.php\\\/vita\\\/\",\"name\":\"Vita - BRIGITTE LUMPI\",\"isPartOf\":{\"@id\":\"https:\\\/\\\/brigittelumpi.com\\\/#website\"},\"primaryImageOfPage\":{\"@id\":\"https:\\\/\\\/brigittelumpi.com\\\/index.php\\\/vita\\\/#primaryimage\"},\"image\":{\"@id\":\"https:\\\/\\\/brigittelumpi.com\\\/index.php\\\/vita\\\/#primaryimage\"},\"thumbnailUrl\":\"https:\\\/\\\/brigittelumpi.com\\\/wp-content\\\/uploads\\\/2012\\\/12\\\/brigittelumpi.png\",\"datePublished\":\"2012-12-26T14:50:23+00:00\",\"dateModified\":\"2024-11-06T18:37:39+00:00\",\"breadcrumb\":{\"@id\":\"https:\\\/\\\/brigittelumpi.com\\\/index.php\\\/vita\\\/#breadcrumb\"},\"inLanguage\":\"de\",\"potentialAction\":[{\"@type\":\"ReadAction\",\"target\":[\"https:\\\/\\\/brigittelumpi.com\\\/index.php\\\/vita\\\/\"]}]},{\"@type\":\"ImageObject\",\"inLanguage\":\"de\",\"@id\":\"https:\\\/\\\/brigittelumpi.com\\\/index.php\\\/vita\\\/#primaryimage\",\"url\":\"https:\\\/\\\/brigittelumpi.com\\\/wp-content\\\/uploads\\\/2012\\\/12\\\/brigittelumpi.png\",\"contentUrl\":\"https:\\\/\\\/brigittelumpi.com\\\/wp-content\\\/uploads\\\/2012\\\/12\\\/brigittelumpi.png\",\"width\":944,\"height\":428},{\"@type\":\"BreadcrumbList\",\"@id\":\"https:\\\/\\\/brigittelumpi.com\\\/index.php\\\/vita\\\/#breadcrumb\",\"itemListElement\":[{\"@type\":\"ListItem\",\"position\":1,\"name\":\"Home\",\"item\":\"https:\\\/\\\/brigittelumpi.com\\\/\"},{\"@type\":\"ListItem\",\"position\":2,\"name\":\"Vita\"}]},{\"@type\":\"WebSite\",\"@id\":\"https:\\\/\\\/brigittelumpi.com\\\/#website\",\"url\":\"https:\\\/\\\/brigittelumpi.com\\\/\",\"name\":\"BRIGITTE LUMPI\",\"description\":\"Acryl auf Leinwand \",\"potentialAction\":[{\"@type\":\"SearchAction\",\"target\":{\"@type\":\"EntryPoint\",\"urlTemplate\":\"https:\\\/\\\/brigittelumpi.com\\\/?s={search_term_string}\"},\"query-input\":{\"@type\":\"PropertyValueSpecification\",\"valueRequired\":true,\"valueName\":\"search_term_string\"}}],\"inLanguage\":\"de\"}]}<\/script>\n<!-- \/ Yoast SEO plugin. -->","yoast_head_json":{"title":"Vita - BRIGITTE LUMPI","robots":{"index":"index","follow":"follow","max-snippet":"max-snippet:-1","max-image-preview":"max-image-preview:large","max-video-preview":"max-video-preview:-1"},"canonical":"https:\/\/brigittelumpi.com\/index.php\/vita\/","og_locale":"de_DE","og_type":"article","og_title":"Vita - BRIGITTE LUMPI","og_description":"* 1961 in Salzburg seit 1985 Lehrauftrag als Diplomsonderp\u00e4dagogin an der ABK-Schule in Salzburg2002 &#8211; 2006 Aus- und Weiterbildung an [&hellip;]","og_url":"https:\/\/brigittelumpi.com\/index.php\/vita\/","og_site_name":"BRIGITTE LUMPI","article_modified_time":"2024-11-06T18:37:39+00:00","og_image":[{"width":944,"height":428,"url":"https:\/\/brigittelumpi.com\/wp-content\/uploads\/2012\/12\/brigittelumpi.png","type":"image\/png"}],"twitter_misc":{"Gesch\u00e4tzte Lesezeit":"1\u00a0Minute"},"schema":{"@context":"https:\/\/schema.org","@graph":[{"@type":"WebPage","@id":"https:\/\/brigittelumpi.com\/index.php\/vita\/","url":"https:\/\/brigittelumpi.com\/index.php\/vita\/","name":"Vita - BRIGITTE LUMPI","isPartOf":{"@id":"https:\/\/brigittelumpi.com\/#website"},"primaryImageOfPage":{"@id":"https:\/\/brigittelumpi.com\/index.php\/vita\/#primaryimage"},"image":{"@id":"https:\/\/brigittelumpi.com\/index.php\/vita\/#primaryimage"},"thumbnailUrl":"https:\/\/brigittelumpi.com\/wp-content\/uploads\/2012\/12\/brigittelumpi.png","datePublished":"2012-12-26T14:50:23+00:00","dateModified":"2024-11-06T18:37:39+00:00","breadcrumb":{"@id":"https:\/\/brigittelumpi.com\/index.php\/vita\/#breadcrumb"},"inLanguage":"de","potentialAction":[{"@type":"ReadAction","target":["https:\/\/brigittelumpi.com\/index.php\/vita\/"]}]},{"@type":"ImageObject","inLanguage":"de","@id":"https:\/\/brigittelumpi.com\/index.php\/vita\/#primaryimage","url":"https:\/\/brigittelumpi.com\/wp-content\/uploads\/2012\/12\/brigittelumpi.png","contentUrl":"https:\/\/brigittelumpi.com\/wp-content\/uploads\/2012\/12\/brigittelumpi.png","width":944,"height":428},{"@type":"BreadcrumbList","@id":"https:\/\/brigittelumpi.com\/index.php\/vita\/#breadcrumb","itemListElement":[{"@type":"ListItem","position":1,"name":"Home","item":"https:\/\/brigittelumpi.com\/"},{"@type":"ListItem","position":2,"name":"Vita"}]},{"@type":"WebSite","@id":"https:\/\/brigittelumpi.com\/#website","url":"https:\/\/brigittelumpi.com\/","name":"BRIGITTE LUMPI","description":"Acryl auf Leinwand ","potentialAction":[{"@type":"SearchAction","target":{"@type":"EntryPoint","urlTemplate":"https:\/\/brigittelumpi.com\/?s={search_term_string}"},"query-input":{"@type":"PropertyValueSpecification","valueRequired":true,"valueName":"search_term_string"}}],"inLanguage":"de"}]}},"_links":{"self":[{"href":"https:\/\/brigittelumpi.com\/index.php\/wp-json\/wp\/v2\/pages\/7","targetHints":{"allow":["GET"]}}],"collection":[{"href":"https:\/\/brigittelumpi.com\/index.php\/wp-json\/wp\/v2\/pages"}],"about":[{"href":"https:\/\/brigittelumpi.com\/index.php\/wp-json\/wp\/v2\/types\/page"}],"author":[{"embeddable":true,"href":"https:\/\/brigittelumpi.com\/index.php\/wp-json\/wp\/v2\/users\/2"}],"replies":[{"embeddable":true,"href":"https:\/\/brigittelumpi.com\/index.php\/wp-json\/wp\/v2\/comments?post=7"}],"version-history":[{"count":9,"href":"https:\/\/brigittelumpi.com\/index.php\/wp-json\/wp\/v2\/pages\/7\/revisions"}],"predecessor-version":[{"id":720,"href":"https:\/\/brigittelumpi.com\/index.php\/wp-json\/wp\/v2\/pages\/7\/revisions\/720"}],"wp:attachment":[{"href":"https:\/\/brigittelumpi.com\/index.php\/wp-json\/wp\/v2\/media?parent=7"}],"curies":[{"name":"wp","href":"https:\/\/api.w.org\/{rel}","templated":true}]}}

<div data-elementor-type="wp-post" data-elementor-id="7" class="elementor elementor-7">
						<section class="elementor-section elementor-top-section elementor-element elementor-element-3ed553e elementor-section-boxed elementor-section-height-default elementor-section-height-default" data-id="3ed553e" data-element_type="section" data-e-type="section">
						<div class="elementor-container elementor-column-gap-default">
					<div class="elementor-column elementor-col-100 elementor-top-column elementor-element elementor-element-16c866d" data-id="16c866d" data-element_type="column" data-e-type="column">
			<div class="elementor-widget-wrap elementor-element-populated">
						<div class="elementor-element elementor-element-4bdf706 elementor-widget elementor-widget-image" data-id="4bdf706" data-element_type="widget" data-e-type="widget" data-widget_type="image.default">
				<div class="elementor-widget-container">
															<img fetchpriority="high" decoding="async" width="780" height="354" src="https://brigittelumpi.com/wp-content/uploads/2012/12/brigittelumpi.png" class="attachment-large size-large wp-image-102" alt="" srcset="https://brigittelumpi.com/wp-content/uploads/2012/12/brigittelumpi.png 944w, https://brigittelumpi.com/wp-content/uploads/2012/12/brigittelumpi-300x136.png 300w" sizes="(max-width: 780px) 100vw, 780px" />															</div>
				</div>
					</div>
		</div>
					</div>
		</section>
				<section class="elementor-section elementor-top-section elementor-element elementor-element-c8ba6ca elementor-section-boxed elementor-section-height-default elementor-section-height-default" data-id="c8ba6ca" data-element_type="section" data-e-type="section">
						<div class="elementor-container elementor-column-gap-default">
					<div class="elementor-column elementor-col-100 elementor-top-column elementor-element elementor-element-c0a3fad" data-id="c0a3fad" data-element_type="column" data-e-type="column">
			<div class="elementor-widget-wrap elementor-element-populated">
						<div class="elementor-element elementor-element-20b9ea0 elementor-widget elementor-widget-text-editor" data-id="20b9ea0" data-element_type="widget" data-e-type="widget" data-widget_type="text-editor.default">
				<div class="elementor-widget-container">
									<p>* 1961 in Salzburg</p><p>seit 1985 Lehrauftrag als Diplomsonderpädagogin an der ABK-Schule in Salzburg<br />2002 &#8211; 2006 Aus- und Weiterbildung an der Kunstakademie in Bad Reichenhall,<br />sowie zahlreiche bildnerische Kurse bei Stephan Geisler, Bochum und Peter Baldinger, Salzburg.</p><ul><li>Regelmäßige Ausstellungstätigkeit seit 2002 im In- und Ausland</li><li>2008 „Kunst aus dem Berchtesgadenerland“ München/Berchtesgaden</li><li>2008 Teilnehmerin am EuRegio Kunstwettbewerb Salzburg/Traunreut/Freilassing</li><li>2010 Einladung zum Symposium „drinnen draußen“ in der JVA Garsten/ Steyr, OÖ.</li><li>2010 Preisträgerin des Kunstwettbewerbs „Oktoberfest“ der Mohr-Villa Freimann, München</li><li>2010 „drinnen-draußen“ Justizanstalt Steyr, Garsten OÖ.</li><li>2012 „moments“ Universitätsbibliothek, Salzburg</li><li>2017 &#8222;Zufällige Begegnungen&#8220;, GWS Salzburg</li><li>2017 &#8222;Dr. Anton Gugg Gedächtnisausstellung&#8220;, Stadtgalerie Lehen, Salzburg</li></ul>								</div>
				</div>
					</div>
		</div>
					</div>
		</section>
				</div>

<p>* 1961 in Salzburg seit 1985 Lehrauftrag als Diplomsonderpädagogin an der ABK-Schule in Salzburg2002 &#8211; 2006 Aus- und Weiterbildung an [&hellip;]</p>

<!-- This site is optimized with the Yoast SEO plugin v27.4 - https://yoast.com/product/yoast-seo-wordpress/ -->
<title>Vita - BRIGITTE LUMPI</title>
<meta name="robots" content="index, follow, max-snippet:-1, max-image-preview:large, max-video-preview:-1" />
<link rel="canonical" href="https://brigittelumpi.com/index.php/vita/" />
<meta property="og:locale" content="de_DE" />
<meta property="og:type" content="article" />
<meta property="og:title" content="Vita - BRIGITTE LUMPI" />
<meta property="og:description" content="* 1961 in Salzburg seit 1985 Lehrauftrag als Diplomsonderpädagogin an der ABK-Schule in Salzburg2002 &#8211; 2006 Aus- und Weiterbildung an [&hellip;]" />
<meta property="og:url" content="https://brigittelumpi.com/index.php/vita/" />
<meta property="og:site_name" content="BRIGITTE LUMPI" />
<meta property="article:modified_time" content="2024-11-06T18:37:39+00:00" />
<meta property="og:image" content="https://brigittelumpi.com/wp-content/uploads/2012/12/brigittelumpi.png" />
	<meta property="og:image:width" content="944" />
	<meta property="og:image:height" content="428" />
	<meta property="og:image:type" content="image/png" />
<meta name="twitter:label1" content="Geschätzte Lesezeit" />
	<meta name="twitter:data1" content="1 Minute" />
<script type="application/ld+json" class="yoast-schema-graph">{"@context":"https:\/\/schema.org","@graph":[{"@type":"WebPage","@id":"https:\/\/brigittelumpi.com\/index.php\/vita\/","url":"https:\/\/brigittelumpi.com\/index.php\/vita\/","name":"Vita - BRIGITTE LUMPI","isPartOf":{"@id":"https:\/\/brigittelumpi.com\/#website"},"primaryImageOfPage":{"@id":"https:\/\/brigittelumpi.com\/index.php\/vita\/#primaryimage"},"image":{"@id":"https:\/\/brigittelumpi.com\/index.php\/vita\/#primaryimage"},"thumbnailUrl":"https:\/\/brigittelumpi.com\/wp-content\/uploads\/2012\/12\/brigittelumpi.png","datePublished":"2012-12-26T14:50:23+00:00","dateModified":"2024-11-06T18:37:39+00:00","breadcrumb":{"@id":"https:\/\/brigittelumpi.com\/index.php\/vita\/#breadcrumb"},"inLanguage":"de","potentialAction":[{"@type":"ReadAction","target":["https:\/\/brigittelumpi.com\/index.php\/vita\/"]}]},{"@type":"ImageObject","inLanguage":"de","@id":"https:\/\/brigittelumpi.com\/index.php\/vita\/#primaryimage","url":"https:\/\/brigittelumpi.com\/wp-content\/uploads\/2012\/12\/brigittelumpi.png","contentUrl":"https:\/\/brigittelumpi.com\/wp-content\/uploads\/2012\/12\/brigittelumpi.png","width":944,"height":428},{"@type":"BreadcrumbList","@id":"https:\/\/brigittelumpi.com\/index.php\/vita\/#breadcrumb","itemListElement":[{"@type":"ListItem","position":1,"name":"Home","item":"https:\/\/brigittelumpi.com\/"},{"@type":"ListItem","position":2,"name":"Vita"}]},{"@type":"WebSite","@id":"https:\/\/brigittelumpi.com\/#website","url":"https:\/\/brigittelumpi.com\/","name":"BRIGITTE LUMPI","description":"Acryl auf Leinwand ","potentialAction":[{"@type":"SearchAction","target":{"@type":"EntryPoint","urlTemplate":"https:\/\/brigittelumpi.com\/?s={search_term_string}"},"query-input":{"@type":"PropertyValueSpecification","valueRequired":true,"valueName":"search_term_string"}}],"inLanguage":"de"}]}</script>
<!-- / Yoast SEO plugin. -->

* 1961 in Salzburg seit 1985 Lehrauftrag als Diplomsonderpädagogin an der ABK-Schule in Salzburg2002 &#8211; 2006 Aus- und Weiterbildung an [&hellip;]
